84.
46
Let k be (181 - 4) + -1 - -1. Let o = k + -107. What is the highest common divisor of o and 14?
14
Let b(c) = c**2 - 18*c + 49. Let l be b(21). Calculate the greatest common divisor of l and 16.
16
Let i(p) = 3*p**2 - 7*p. Let x be i(-5). Calculate the highest common divisor of 10 and x.
10
Let l(r) = r**2 - 6*r - 13. Let d be l(8). Calculate the highest common factor of d and 1.
1
Suppose k - 3 = -1. Suppose -792 = -k*r - 2*r. Suppose 29*n - 26*n - 54 = 0. What is the greatest common factor of n and r?
18
Let k be (-2)/(-6) + (-28)/(-6). Suppose 52 = k*p - 58. Let i be 8 + 2 + -1 + 2. Calculate the greatest common factor of i and p.
11
Suppose -4*d + 390 = 11*d. What is the greatest common divisor of 91 and d?
13
Suppose -3*d = -4*k - 72, 0 = -4*d - d - 2*k + 94. Suppose -4*g + 2*n = -116, -g + 2*g - d = 5*n. What is the highest common divisor of 15 and g?
15
Suppose -r + 45 = b, 236 - 11 = 5*b + 2*r. What is the greatest common factor of 15 and b?
15
Suppose 32 = 4*l - 3*l. Let i be (-1)/(2/(-8))*l. Calculate the highest common factor of i and 32.
32
Let c = 92 - 87. What is the greatest common factor of c and 1?
1
Let k be 64 + (-6 - (-2)/1). What is the highest common divisor of 10 and k?
10
Suppose -118 + 45 = -4*c - u, 0 = 4*c - u - 63. What is the highest common divisor of c and 153?
17
Let s be 2 + 3 + (1 - -34 - -4). What is the greatest common factor of 55 and s?
11
Let f(j) = j**3 - 11*j**2 - 25*j - 7. Let i be f(13). What is the highest common factor of 48 and i?
6
Let t = 31 - 21. What is the highest common factor of 2 and t?
2
Let x(d) = 59*d + 1. Let l = -7 + 8. Let h be x(l). What is the greatest common factor of 15 and h?
15
Let r be 1 + 0/(-1 + -1). Let q be -2*(-2 - -6)*-1. Suppose -n = -2*a - q, a = -n - 4*n + 18. What is the highest common factor of r and n?
1
Suppose 2*r + 16 = r. Suppose -a + 7 = -15. Let k = r + a. What is the greatest common factor of k and 9?
3
Let p be ((1/(-4))/1)/(15/(-60)). Calculate the greatest common divisor of 3 and p.
1
Let u(j) = j**3 - 6*j**2 + 4*j - 9. Let y be u(6). Suppose -5*i = -y - 35. What is the greatest common divisor of i and 30?
10
Suppose -4*b + 97 - 25 = 0. Calculate the greatest common factor of b and 27.
9
Let q(o) = 12*o**3 - o**2 - 1. Let v be q(-2). Let d = 93 + 56. Let c = d + v. What is the greatest common divisor of 16 and c?
16
Let j = 44 - 0. What is the greatest common divisor of j and 11?
11
Let x = 49 - 28. Let q be (1/3)/((-4)/(-84)). Suppose 5*a - 6 = -q*s + 4*s, 0 = -s + 3*a + 16. Calculate the greatest common factor of x and s.
7
Let t(i) = -i**2 - i + 1. Let x(y) = -y**3 + 11*y**2 - 6*y + 2. Let q(f) = 3*t(f) + x(f). Let v be q(6). What is the highest common factor of 23 and v?
23
Suppose -2 = -l - t - 1, 2*l + t = 3. Suppose -5*i + 104 = -l*g, 5*g - 70 = -5*i + i. Calculate the greatest common factor of 30 and i.
10
Let a(l) = -5*l + 3. Let d be a(4). Let h = d + 18. What is the highest common divisor of 7 and h?
1
Let a be 1/(((-10)/(-24))/5). Let n(g) = g + 14. Let t be n(-14). Suppose 4*z - 4*f - 132 = t, -f = z + f - 42. Calculate the highest common divisor of z and a.
12
Suppose -5*i + 123 + 57 = 0. What is the greatest common divisor of 24 and i?
12
Let n(i) = -i**3 - 6*i**2 + 4*i - 6. Let l be n(-7). Calculate the greatest common factor of 120 and l.
15
Suppose m = 38 - 4. Suppose -a + m + 92 = 0. Suppose 2 = 2*h - a. Calculate the greatest common factor of 8 and h.
8
Let y be (0 - 608/(-20)) + 4/(-10). Calculate the greatest common divisor of 30 and y.
30
Let q be 37/3 - (-21)/(-63). Let k = -26 + 44. Calculate the greatest common factor of k and q.
6
Suppose -16*a - 189 = -23*a. What is the highest common divisor of 3 and a?
3
Suppose -4*v = -r - 7, -2*r = v - 2*v - 21. What is the highest common factor of 104 and r?
13
Suppose 29 = l + 5*k, -2*k = -4*l + 2*l + 10. Let x be (0 - 6/l)*-21. What is the highest common divisor of 112 and x?
14
Suppose -6 = 2*r - 0. Let x be (13/(-2))/(r/48). Calculate the greatest common factor of 26 and x.
26
Suppose 4*s + 25 + 15 = 0. Let o be s/3*(0 + -3). What is the greatest common divisor of o and 40?
10
Let u = 71 - 43. Let o(i) = i**3 - 7*i**2 + 4*i + 5. Let d be o(5). Let h = d + 67. What is the highest common factor of u and h?
14
Suppose 5*y = 3*k + 20, 3*k - y + 4 = -0*k. Suppose -3*u = -k*u + 18. Let g be ((-2)/(-4))/((-3)/u). What is the greatest common factor of 2 and g?
1
Let z be (1 - 0)/(2/244). Suppose -4*t + 398 + z = 0. Calculate the greatest common divisor of 52 and t.
26
Let x be 1/(1/6) - 0. Let o be 4/x*(-30)/(-4). Let b = o + 4. What is the greatest common divisor of 18 and b?
9
Suppose -u = -2*u + 2. Let b(i) = 2*i + 2. Let c be b(u). What is the highest common factor of 48 and c?
6
Let p = 8 + -6. What is the greatest common factor of p and 1?
1
Let m = -30 + 57. Suppose -5*z + 30 = -15. What is the greatest common divisor of m and z?
9
Suppose -2*x - x = -15, m - 9 = -2*x. Let j be m - -66 - 1/(-1). Suppose -22 = -4*b - i, -i + 3 = b - 1. What is the highest common factor of b and j?
6
Suppose -40*s + 147 = -33*s. What is the highest common factor of s and 7?
7
Suppose 2*z + 2*q - 16 = 0, -q + 5*q - 8 = 4*z. What is the highest common divisor of 21 and z?
3
Suppose -5*v = -0*v. Suppose v = -5*y + 206 - 46. Calculate the highest common divisor of 256 and y.
32
Suppose -36 = -2*u - 2*b + 3*b, 0 = 2*u - 3*b - 36. What is the greatest common factor of u and 108?
18
Let v be 38 + (-4)/(-6)*-3. Suppose -7*a = -3*a - 4. Let g be (-90)/4*(-3 - a). Calculate the highest common divisor of v and g.
18
Suppose 174 = 6*u - 126. What is the highest common factor of 20 and u?
10
Let q be (25 - 14) + (-4 - 0). Calculate the highest common factor of 161 and q.
7
Let s be (-39)/(-12) + 2/(-8). Suppose 35 = 5*p - 2*h, -p - s*h = 1 + 9. Suppose 3*q = 16 + p. Calculate the highest common divisor of 56 and q.
7
Let d = 18 - 14. Suppose d*b - 2*p - 130 = -0*p, -10 = 2*p. Calculate the highest common factor of b and 45.
15
Suppose 0 = -5*f - 4*i + 288, -f + 2*f - 3*i = 69. What is the highest common divisor of f and 10?
10
Suppose 0 = 4*m + 7*j - 2*j - 591, -2*m + 3*j = -279. Calculate the greatest common divisor of m and 18.
18
Suppose -4*o = 5*l + 8, -3*o + o = 5*l + 14. Suppose -2*h - 48 = -o*h. Calculate the highest common divisor of h and 16.
16
Suppose x + 6 = 42. What is the highest common divisor of x and 12?
12
Let r be (2/4)/((-1)/(-6)). Suppose 164 = r*s - 160. Calculate the highest common divisor of 12 and s.
12
Suppose 6 + 6 = -4*m. Let f = m + 15. Calculate the highest common factor of 4 and f.
4
Let v(i) = i + 37. Let p be v(-6). Calculate the highest common factor of p and 124.
31
Let b = -3 - -11. Suppose 2*u = -y - y + 150, -2*u + y = -141. What is the greatest common factor of u and b?
8
Let b = -46 - -58. Suppose -4*s + 5*v + 288 = 0, 0 = 5*s + 5*v - 257 - 103. What is the greatest common factor of b and s?
12
Suppose -126*k + 125*k + 90 = 0. What is the greatest common divisor of k and 9?
9
Let r be (-33)/(-6)*(-2)/1. Let l = 4 - -11. Let j = r + l. What is the highest common factor of j and 20?
4
Let s(i) = i - 3. Let h be s(7). Suppose 0 = h*b - 8*b + 16. Suppose -r + 27 = 5*v, b*r - 3*v - 9 = 30. Calculate the highest common factor of r and 30.
6
Let k = 172 - 123. What is the greatest common factor of 7 and k?
7
Suppose -30 - 10 = -4*k. Calculate the greatest common factor of k and 2.
2
Let d be 21/12 + (-1)/(-4). Let j be 1/4 - -3*(-220)/(-48). Calculate the highest common factor of j and d.
2
Let l = 16 + -8. Let c = 15 - l. What is the greatest common factor of c and 56?
7
Let s = -5 - -41. Suppose 46 - 316 = -5*a. Calculate the greatest common divisor of a and s.
18
Let l be ((-18)/4)/((-13)/26). What is the highest common divisor of l and 81?
9
Suppose o = 5*k - 54, -4*k + 7 = 3*o - 21. What is the highest common factor of k and 90?
10
Let g(s) be the first derivative of 3*s**2 - 4*s - 2. Let n be g(6). Let x be 8 + (-6)/3 + -2. Calculate the highest common divisor of x and n.
4
Let q = -6 - -9. Suppose c + 2*j - 11 = 0, 0 = 5*c - 0*c + q*j - 20. Calculate the greatest common divisor of c and 2.
1
Let q(u) = 3*u - 3*u - 2 + 4*u - 2*u - u**3 + 8*u**2. Let n be q(8). Calculate